{"id":1340,"date":"2024-01-28T14:57:14","date_gmt":"2024-01-28T13:57:14","guid":{"rendered":"http:\/\/serwer253517.lh.pl\/autoinstalator\/serwer253517.lh.pl\/wordpress52952\/?page_id=1340"},"modified":"2024-01-29T11:42:00","modified_gmt":"2024-01-29T10:42:00","slug":"zamowienie","status":"publish","type":"page","link":"https:\/\/www.piekarnia-tysia.pl\/index.php\/zamowienie\/","title":{"rendered":"Zam\u00f3wienie"},"content":{"rendered":"\t\t<div data-elementor-type=\"wp-page\" data-elementor-id=\"1340\" class=\"elementor elementor-1340\">\n\t\t\t\t\t\t<section class=\"elementor-section elementor-top-section elementor-element elementor-element-672aa78 elementor-section-height-min-height elementor-section-full_width elementor-section-height-default elementor-section-items-middle\" data-id=\"672aa78\" data-element_type=\"section\" data-settings=\"{&quot;background_background&quot;:&quot;classic&quot;,&quot;_ha_eqh_enable&quot;:false}\">\n\t\t\t\t\t\t\t<div class=\"elementor-background-overlay\"><\/div>\n\t\t\t\t\t\t\t<div class=\"elementor-container elementor-column-gap-default\">\n\t\t\t\t\t<div class=\"elementor-column elementor-col-100 elementor-top-column elementor-element elementor-element-a09f614\" data-id=\"a09f614\" data-element_type=\"column\">\n\t\t\t<div class=\"elementor-widget-wrap elementor-element-populated\">\n\t\t\t\t\t\t<div class=\"elementor-element elementor-element-5f8bf13 elementor-widget elementor-widget-heading\" data-id=\"5f8bf13\" data-element_type=\"widget\" data-widget_type=\"heading.default\">\n\t\t\t\t<div class=\"elementor-widget-container\">\n\t\t\t<style>\/*! elementor - v3.20.0 - 11-03-2024 *\/\n.elementor-heading-title{padding:0;margin:0;line-height:1}.elementor-widget-heading .elementor-heading-title[class*=elementor-size-]>a{color:inherit;font-size:inherit;line-height:inherit}.elementor-widget-heading .elementor-heading-title.elementor-size-small{font-size:15px}.elementor-widget-heading .elementor-heading-title.elementor-size-medium{font-size:19px}.elementor-widget-heading .elementor-heading-title.elementor-size-large{font-size:29px}.elementor-widget-heading .elementor-heading-title.elementor-size-xl{font-size:39px}.elementor-widget-heading .elementor-heading-title.elementor-size-xxl{font-size:59px}<\/style><h1 class=\"elementor-heading-title elementor-size-default\">Zam\u00f3wienie<\/h1>\t\t<\/div>\n\t\t\t\t<\/div>\n\t\t\t\t\t<\/div>\n\t\t<\/div>\n\t\t\t\t\t<\/div>\n\t\t<\/section>\n\t\t\t\t<section class=\"elementor-section elementor-top-section elementor-element elementor-element-11a6a706 elementor-section-boxed elementor-section-height-default elementor-section-height-default\" data-id=\"11a6a706\" data-element_type=\"section\" data-settings=\"{&quot;background_background&quot;:&quot;classic&quot;,&quot;_ha_eqh_enable&quot;:false}\">\n\t\t\t\t\t\t<div class=\"elementor-container elementor-column-gap-default\">\n\t\t\t\t\t<div class=\"elementor-column elementor-col-100 elementor-top-column elementor-element elementor-element-357a86fa\" data-id=\"357a86fa\" data-element_type=\"column\">\n\t\t\t<div class=\"elementor-widget-wrap elementor-element-populated\">\n\t\t\t\t\t\t<div class=\"elementor-element elementor-element-1fccbfac elementor-widget elementor-widget-heading\" data-id=\"1fccbfac\" data-element_type=\"widget\" data-widget_type=\"heading.default\">\n\t\t\t\t<div class=\"elementor-widget-container\">\n\t\t\t<h3 class=\"elementor-heading-title elementor-size-default\">Skorzystaj z formularza do zam\u00f3wienia. W razie potrzeby, do wiadomo\u015bci mo\u017cesz do\u0142\u0105czy\u0107 zdj\u0119cie wybranego produktu.\nPami\u0119taj, \u017ce samo wys\u0142anie wiadomo\u015bci przez formularz nie jest r\u00f3wnoznaczne z przyj\u0119ciem zam\u00f3wienia do realizacji.\n\nKa\u017cde zam\u00f3wienie do realizacji musi by\u0107 potwierdzone telefonicznie i zaliczkowane.\n\nZam\u00f3wienia z\u0142\u00f3\u017c minimum tygodniowym wyprzedzeniem. Je\u017celi termin jest bardzo kr\u00f3tki, bardzo prosz\u0119 o kontakt telefoniczny, by ustali\u0107 czy jest mo\u017cliwa realizacja zam\u00f3wienia.<\/h3>\t\t<\/div>\n\t\t\t\t<\/div>\n\t\t\t\t<section class=\"elementor-section elementor-inner-section elementor-element elementor-element-4dc8daac elementor-section-boxed elementor-section-height-default elementor-section-height-default\" data-id=\"4dc8daac\" data-element_type=\"section\" data-settings=\"{&quot;_ha_eqh_enable&quot;:false}\">\n\t\t\t\t\t\t<div class=\"elementor-container elementor-column-gap-default\">\n\t\t\t\t\t<div class=\"elementor-column elementor-col-100 elementor-inner-column elementor-element elementor-element-fbddd1a\" data-id=\"fbddd1a\" data-element_type=\"column\">\n\t\t\t<div class=\"elementor-widget-wrap elementor-element-populated\">\n\t\t\t\t\t\t<div class=\"elementor-element elementor-element-3ff320c elementor-widget-tablet__width-initial elementor-widget-mobile__width-initial elementor-widget elementor-widget-shortcode\" data-id=\"3ff320c\" data-element_type=\"widget\" data-widget_type=\"shortcode.default\">\n\t\t\t\t<div class=\"elementor-widget-container\">\n\t\t\t\t\t<div class=\"elementor-shortcode\">\n<div class=\"wpcf7 no-js\" id=\"wpcf7-f1344-o1\" lang=\"pl-PL\" dir=\"ltr\">\n<div class=\"screen-reader-response\"><p role=\"status\" aria-live=\"polite\" aria-atomic=\"true\"><\/p> <ul><\/ul><\/div>\n<form action=\"\/index.php\/wp-json\/wp\/v2\/pages\/1340#wpcf7-f1344-o1\" method=\"post\" class=\"wpcf7-form init\" aria-label=\"Formularz kontaktowy\" enctype=\"multipart\/form-data\" novalidate=\"novalidate\" data-status=\"init\">\n<div style=\"display: none;\">\n<input type=\"hidden\" name=\"_wpcf7\" value=\"1344\" \/>\n<input type=\"hidden\" name=\"_wpcf7_version\" value=\"5.9.2\" \/>\n<input type=\"hidden\" name=\"_wpcf7_locale\" value=\"pl_PL\" \/>\n<input type=\"hidden\" name=\"_wpcf7_unit_tag\" value=\"wpcf7-f1344-o1\" \/>\n<input type=\"hidden\" name=\"_wpcf7_container_post\" value=\"0\" \/>\n<input type=\"hidden\" name=\"_wpcf7_posted_data_hash\" value=\"\" \/>\n<\/div>\n<p><label> Data odbioru (wymagane)<br \/>\n<span class=\"wpcf7-form-control-wrap\" data-name=\"date-587\"><input class=\"wpcf7-form-control wpcf7-date wpcf7-validates-as-required wpcf7-validates-as-date\" aria-required=\"true\" aria-invalid=\"false\" placeholder=\"format daty: rrrr-mm-dd\" value=\"\" type=\"date\" name=\"date-587\" \/><\/span> <\/label>\n<\/p>\n<p><label> Wielko\u015b\u0107 tortu - waga lub ilo\u015b\u0107 os\u00f3b<br \/>\n<span class=\"wpcf7-form-control-wrap\" data-name=\"text-863\"><input size=\"40\" class=\"wpcf7-form-control wpcf7-text\" aria-invalid=\"false\" placeholder=\"przyjmujemy ok.0,14dkg\/osob\u0119 bez dekoracji\" value=\"\" type=\"text\" name=\"text-863\" \/><\/span> <\/label>\n<\/p>\n<p><label> Smak tortu - <a target=\"_blank\" href=\"http:\/\/www.piekarnia-tysia.pl\/cukiernia\/oferta-cukiernicza\/\">\n\t\t\t<font color=\"#b00037\">dost\u0119pne smaki\n\t\t\t<\/font><\/a><br \/>\n<span class=\"wpcf7-form-control-wrap\" data-name=\"text-864\"><input size=\"40\" class=\"wpcf7-form-control wpcf7-text\" aria-invalid=\"false\" placeholder=\"np. malinowy, truskawkowy, czekoladowy, itp.\" value=\"\" type=\"text\" name=\"text-864\" \/><\/span> <\/label>\n<\/p>\n<p><label> Na jak\u0105 okazj\u0119<br \/>\n<span class=\"wpcf7-form-control-wrap\" data-name=\"text-865\"><input size=\"40\" class=\"wpcf7-form-control wpcf7-text\" aria-invalid=\"false\" placeholder=\"np. wesele, chrzciny, urodziny, itp.\" value=\"\" type=\"text\" name=\"text-865\" \/><\/span> <\/label>\n<\/p>\n<p><label> Napis na torcie<br \/>\n<span class=\"wpcf7-form-control-wrap\" data-name=\"text-866\"><input size=\"40\" class=\"wpcf7-form-control wpcf7-text\" aria-invalid=\"false\" placeholder=\"np. imi\u0119, \u017cyczenia, wiek, itp.\" value=\"\" type=\"text\" name=\"text-866\" \/><\/span> <\/label>\n<\/p>\n<p><label> Dekoracja na torcie opis<br \/>\n<span class=\"wpcf7-form-control-wrap\" data-name=\"text-867\"><input size=\"40\" class=\"wpcf7-form-control wpcf7-text\" aria-invalid=\"false\" placeholder=\"np. opis, kolorystyka, rodzaj dekoracji, dla kogo jest tort\" value=\"\" type=\"text\" name=\"text-867\" \/><\/span> <\/label>\n<\/p>\n<p><label> Wyko\u0144czenie tortu<br \/>\n<span class=\"wpcf7-form-control-wrap\" data-name=\"text-868\"><input size=\"40\" class=\"wpcf7-form-control wpcf7-text\" aria-invalid=\"false\" placeholder=\"np. w \u015bmietanie, ob\u0142o\u017cony mas\u0105, w polewie, figurki, itp.\" value=\"\" type=\"text\" name=\"text-868\" \/><\/span> <\/label>\n<\/p>\n<p><label> Dodaj zdj\u0119cie\/w\u0142asny projekt<br \/>\n<span class=\"wpcf7-form-control-wrap\" data-name=\"file-371\"><input size=\"40\" class=\"wpcf7-form-control wpcf7-file\" accept=\"audio\/*,video\/*,image\/*\" aria-invalid=\"false\" type=\"file\" name=\"file-371\" \/><\/span> <\/label>\n<\/p>\n<p><label> Dodatkowe uwagi<br \/>\n<span class=\"wpcf7-form-control-wrap\" data-name=\"textarea-862\"><textarea cols=\"40\" rows=\"10\" class=\"wpcf7-form-control wpcf7-textarea\" aria-invalid=\"false\" name=\"textarea-862\"><\/textarea><\/span> <\/label>\n<\/p>\n<p><label> Imi\u0119 i nazwisko (wymagane)<br \/>\n<span class=\"wpcf7-form-control-wrap\" data-name=\"text-869\"><input size=\"40\" class=\"wpcf7-form-control wpcf7-text wpcf7-validates-as-required\" aria-required=\"true\" aria-invalid=\"false\" value=\"\" type=\"text\" name=\"text-869\" \/><\/span> <\/label>\n<\/p>\n<p><label> Adres e-mail (wymagane)<br \/>\n<span class=\"wpcf7-form-control-wrap\" data-name=\"your-email\"><input size=\"40\" class=\"wpcf7-form-control wpcf7-email wpcf7-validates-as-required wpcf7-text wpcf7-validates-as-email\" aria-required=\"true\" aria-invalid=\"false\" value=\"\" type=\"email\" name=\"your-email\" \/><\/span> <\/label>\n<\/p>\n<p><label> Numer telefonu (wymagane)<br \/>\n<span class=\"wpcf7-form-control-wrap\" data-name=\"tel-673\"><input size=\"40\" class=\"wpcf7-form-control wpcf7-tel wpcf7-validates-as-required wpcf7-text wpcf7-validates-as-tel\" aria-required=\"true\" aria-invalid=\"false\" value=\"\" type=\"tel\" name=\"tel-673\" \/><\/span> <\/label>\n<\/p>\n<p><input class=\"wpcf7-form-control wpcf7-submit has-spinner et_pb_contact_submit et_pb_button\" type=\"submit\" value=\"Z\u0142\u00f3\u017c zam\u00f3wienie\" \/>\n<\/p><div class=\"wpcf7-response-output\" aria-hidden=\"true\"><\/div>\n<\/form>\n<\/div>\n<\/div>\n\t\t\t\t<\/div>\n\t\t\t\t<\/div>\n\t\t\t\t\t<\/div>\n\t\t<\/div>\n\t\t\t\t\t<\/div>\n\t\t<\/section>\n\t\t\t\t\t<\/div>\n\t\t<\/div>\n\t\t\t\t\t<\/div>\n\t\t<\/section>\n\t\t\t\t<\/div>\n\t\t","protected":false},"excerpt":{"rendered":"<p>Zam\u00f3wienie Skorzystaj z formularza do zam\u00f3wienia. W razie potrzeby, do wiadomo\u015bci mo\u017cesz do\u0142\u0105czy\u0107 zdj\u0119cie wybranego produktu. Pami\u0119taj, \u017ce samo wys\u0142anie wiadomo\u015bci przez formularz nie jest r\u00f3wnoznaczne z przyj\u0119ciem zam\u00f3wienia do realizacji. Ka\u017cde zam\u00f3wienie do realizacji musi by\u0107 potwierdzone telefonicznie i zaliczkowane. Zam\u00f3wienia z\u0142\u00f3\u017c minimum tygodniowym wyprzedzeniem. Je\u017celi termin jest bardzo kr\u00f3tki, bardzo prosz\u0119 o kontakt [&hellip;]<\/p>\n","protected":false},"author":1,"featured_media":0,"parent":0,"menu_order":0,"comment_status":"closed","ping_status":"closed","template":"","meta":{"ocean_post_layout":"full-screen","ocean_both_sidebars_style":"","ocean_both_sidebars_content_width":0,"ocean_both_sidebars_sidebars_width":0,"ocean_sidebar":"","ocean_second_sidebar":"","ocean_disable_margins":"enable","ocean_add_body_class":"","ocean_shortcode_before_top_bar":"","ocean_shortcode_after_top_bar":"","ocean_shortcode_before_header":"","ocean_shortcode_after_header":"","ocean_has_shortcode":"","ocean_shortcode_after_title":"","ocean_shortcode_before_footer_widgets":"","ocean_shortcode_after_footer_widgets":"","ocean_shortcode_before_footer_bottom":"","ocean_shortcode_after_footer_bottom":"","ocean_display_top_bar":"default","ocean_display_header":"default","ocean_header_style":"","ocean_center_header_left_menu":"","ocean_custom_header_template":"","ocean_custom_logo":0,"ocean_custom_retina_logo":0,"ocean_custom_logo_max_width":0,"ocean_custom_logo_tablet_max_width":0,"ocean_custom_logo_mobile_max_width":0,"ocean_custom_logo_max_height":0,"ocean_custom_logo_tablet_max_height":0,"ocean_custom_logo_mobile_max_height":0,"ocean_header_custom_menu":"","ocean_menu_typo_font_family":"","ocean_menu_typo_font_subset":"","ocean_menu_typo_font_size":0,"ocean_menu_typo_font_size_tablet":0,"ocean_menu_typo_font_size_mobile":0,"ocean_menu_typo_font_size_unit":"px","ocean_menu_typo_font_weight":"","ocean_menu_typo_font_weight_tablet":"","ocean_menu_typo_font_weight_mobile":"","ocean_menu_typo_transform":"","ocean_menu_typo_transform_tablet":"","ocean_menu_typo_transform_mobile":"","ocean_menu_typo_line_height":0,"ocean_menu_typo_line_height_tablet":0,"ocean_menu_typo_line_height_mobile":0,"ocean_menu_typo_line_height_unit":"","ocean_menu_typo_spacing":0,"ocean_menu_typo_spacing_tablet":0,"ocean_menu_typo_spacing_mobile":0,"ocean_menu_typo_spacing_unit":"","ocean_menu_link_color":"","ocean_menu_link_color_hover":"","ocean_menu_link_color_active":"","ocean_menu_link_background":"","ocean_menu_link_hover_background":"","ocean_menu_link_active_background":"","ocean_menu_social_links_bg":"","ocean_menu_social_hover_links_bg":"","ocean_menu_social_links_color":"","ocean_menu_social_hover_links_color":"","ocean_disable_title":"on","ocean_disable_heading":"default","ocean_post_title":"","ocean_post_subheading":"","ocean_post_title_style":"","ocean_post_title_background_color":"","ocean_post_title_background":0,"ocean_post_title_bg_image_position":"","ocean_post_title_bg_image_attachment":"","ocean_post_title_bg_image_repeat":"","ocean_post_title_bg_image_size":"","ocean_post_title_height":0,"ocean_post_title_bg_overlay":0.5,"ocean_post_title_bg_overlay_color":"","ocean_disable_breadcrumbs":"default","ocean_breadcrumbs_color":"","ocean_breadcrumbs_separator_color":"","ocean_breadcrumbs_links_color":"","ocean_breadcrumbs_links_hover_color":"","ocean_display_footer_widgets":"default","ocean_display_footer_bottom":"default","ocean_custom_footer_template":"","footnotes":""},"class_list":["post-1340","page","type-page","status-publish","hentry","entry"],"aioseo_notices":[],"_links":{"self":[{"href":"https:\/\/www.piekarnia-tysia.pl\/index.php\/wp-json\/wp\/v2\/pages\/1340","targetHints":{"allow":["GET"]}}],"collection":[{"href":"https:\/\/www.piekarnia-tysia.pl\/index.php\/wp-json\/wp\/v2\/pages"}],"about":[{"href":"https:\/\/www.piekarnia-tysia.pl\/index.php\/wp-json\/wp\/v2\/types\/page"}],"author":[{"embeddable":true,"href":"https:\/\/www.piekarnia-tysia.pl\/index.php\/wp-json\/wp\/v2\/users\/1"}],"replies":[{"embeddable":true,"href":"https:\/\/www.piekarnia-tysia.pl\/index.php\/wp-json\/wp\/v2\/comments?post=1340"}],"version-history":[{"count":94,"href":"https:\/\/www.piekarnia-tysia.pl\/index.php\/wp-json\/wp\/v2\/pages\/1340\/revisions"}],"predecessor-version":[{"id":1541,"href":"https:\/\/www.piekarnia-tysia.pl\/index.php\/wp-json\/wp\/v2\/pages\/1340\/revisions\/1541"}],"wp:attachment":[{"href":"https:\/\/www.piekarnia-tysia.pl\/index.php\/wp-json\/wp\/v2\/media?parent=1340"}],"curies":[{"name":"wp","href":"https:\/\/api.w.org\/{rel}","templated":true}]}}